
False
Is 2072071 composite?
True
Is 64341965 prime?
False
Is 1534933 composite?
True
Is 3176273 prime?
True
Is 8077385 composite?
True
Is 101969493 composite?
True
Is 7491311 a composite number?
False
Is 25332659 a composite number?
True
Is 5369321 composite?
True
Is 312257 prime?
False
Is 264211 a prime number?
True
Is 54804353 a composite number?
False
Is 15610457 composite?
True
Is 1094183 prime?
True
Is 10148263 prime?
False
Is 9848957 prime?
True
Is 2810107 a composite number?
False
Is 2994031 a composite number?
False
Is 10468441 a composite number?
False
Is 101177519 composite?
False
Is 1242749 composite?
True
Is 944395033 prime?
False
Is 619033901 prime?
True
Is 66615031 composite?
True
Is 36545761 composite?
True
Is 59007511 a composite number?
True
Is 15767987 a prime number?
True
Is 63509179 a composite number?
False
Is 174799333 a composite number?
True
Is 6987359 prime?
True
Is 15185759 a composite number?
True
Is 1934627 prime?
True
Is 190636033 composite?
True
Is 3167107 a prime number?
True
Is 1038595 composite?
True
Is 45141049 a composite number?
True
Is 3925349 composite?
True
Is 504941 composite?
True
Is 203214197 composite?
False
Is 1286213 a composite number?
True
Is 77653933 a composite number?
True
Is 64603261 a prime number?
False
Is 52383553 prime?
True
Is 18835787 a composite number?
True
Is 34148581 prime?
True
Is 63101039 prime?
True
Is 1447744195 prime?
False
Is 13231781 a composite number?
False
Is 42846857 prime?
True
Is 29247793 a composite number?
False
Is 1148489 a prime number?
True
Is 31766906 prime?
False
Is 178342783 prime?
False
Is 1028647 a prime number?
True
Is 20645777 composite?
True
Is 31200409 prime?
True
Is 7287289 prime?
True
Is 3125951 a composite number?
True
Is 1178839 composite?
True
Is 725377 prime?
False
Is 5589406 a composite number?
True
Is 286861394 a prime number?
False
Is 3856661 a prime number?
True
Is 11678539 composite?
True
Is 5895551 prime?
False
Is 107937241 prime?
False
Is 7632598 composite?
True
Is 21971398 prime?
False
Is 7502533 prime?
True
Is 3109739 composite?
True
Is 4887317 composite?
False
Is 7247777 a composite number?
True
Is 8159267 composite?
True
Is 2843593 a prime number?
False
Is 24131803 a prime number?
True
Is 13788455 prime?
False
Is 3910193 a prime number?
False
Is 2415073 composite?
False
Is 4253083 prime?
True
Is 1429181 a prime number?
False
Is 1055387 prime?
True
Is 95752549 prime?
True
Is 751347047 prime?
False
Is 56125973 prime?
False
Is 1065077 a composite number?
True
Is 32467693 a composite number?
False
Is 5257039 a composite number?
True
Is 434009 a composite number?
False
Is 18757699 prime?
True
Is 326261 prime?
False
Is 208880489 a prime number?
False
Is 16252259 composite?
False
Is 12991339 prime?
True
Is 100994171 prime?
True
Is 7315467 prime?
False
Is 30804031 a composite number?
False
Is 22197299 a composite number?
True
Is 30146819 composite?
False
Is 11797 composite?
True
Is 1379013 prime?
False
Is 20505487 a prime number?
True
Is 12280343 a prime number?
True
Is 5109217 composite?
True
Is 43489961 composite?
True
Is 1383077 composite?
False
Is 1334189 a prime number?
False
Is 7451077 a composite number?
True
Is 319160693 a prime number?
False
Is 11400365 prime?
False
Is 144509947 a composite number?
False
Is 41779277 prime?
True
Is 174372647 a prime number?
False
Is 964673 a prime number?
False
Is 967391 prime?
True
Is 399792163 a prime number?
True
Is 465242683 a prime number?
False
Is 1342199 composite?
False
Is 19409 composite?
True
Is 5963857 composite?
False
Is 44080909 a prime number?
True
Is 34005689 a prime number?
True
Is 14022487 prime?
True
Is 26733673 composite?
True
Is 200562721 prime?
True
Is 19315271 a composite number?
False
Is 2950001 prime?
True
Is 2462171 prime?
True
Is 114502093 a prime number?
True
Is 482062169 a prime number?
True
Is 17952927 a composite number?
True
Is 8353967 composite?
False
Is 18001031 a composite number?
False
Is 942217 prime?
True
Is 2951159 prime?
True
Is 22142507 prime?
True
Is 7109899 a prime number?
True
Is 2192161 composite?
False
Is 25026983 prime?
False
Is 63619801 prime?
False
Is 9165943 a composite number?
True
Is 583785989 a composite number?
True
Is 8949041 prime?
False
Is 1025517 a prime number?
False
Is 14007061 prime?
False
Is 7122781 a prime number?
True
Is 358271933 composite?
False
Is 1327497 a composite number?
True
Is 24337907 prime?
False
Is 383672551 a composite number?
True
Is 188696953 a prime number?
False
Is 151381915 a prime number?
False
Is 497519813 a composite number?
True
Is 10869419 a composite number?
True
Is 2089883 prime?
False
Is 198931063 prime?
True
Is 109049 composite?
False
Is 2194069 composite?
False
Is 145475833 prime?
False
Is 2760013 composite?
False
Is 461791 a composite number?
True
Is 556382599 prime?
False
Is 1224541 a composite number?
True
Is 6044243 composite?
True
Is 7642439 prime?
False
Is 274081838 a composite number?
True
Is 1839503 a prime number?
False
Is 9807049 prime?
False
Is 36558913 a prime number?
True
Is 65519767 a prime number?
False
Is 13253831 composite?
False
Is 11553581 composite?
True
Is 909565 a composite number?
True
Is 28765537 prime?
True
Is 1919087 prime?
False
Is 466898567 composite?
False
Is 22285139 composite?
True
Is 1423115 composite?
True
Is 23219909 a prime number?
False
Is 70162637 prime?
True
Is 51176597 a prime number?
True
Is 1409089 a prime number?
False
Is 8554759 a prime number?
False
Is 86777767 a composite number?
False
Is 5589137 prime?
False
Is 158149543 composite?
True
Is 12373489 prime?
False
Is 6327758 a prime number?
False
Is 24201299 a composite number?
False
Is 841543 composite?
True
Is 856199 composite?
True
Is 23088623 prime?
False
Is 8688059 prime?
True
Is 8140661 a composite number?
False
Is 751703 a prime number?
False
Is 46123683 a composite number?
True
Is 4117409 prime?
True
Is 205006497 composite?
True
Is 33723203 prime?
True
Is 15273007 composite?
False
Is 53773 composite?
False
Is 5734493 prime?
True
Is 48714737 prime?
True
Is 81278111 a composite number?
True
Is 51239443 a composite number?
False
Is 102761 prime?
True
Is 708257467 prime?
True
Is 9520451 composite?
False
Is 197392909 a prime number?
False
Is 800909 prime?
True
Is 3462077 a composite number?
True
Is 22562989 a prime number?
True
Is 1426877 a prime number?
True
Is 2140823 composite?
False
Is 222133 a composite number?
True
Is 1123987 a composite number?
True
Is 426211 composite?
False
Is 89577713 composite?
False
Is 2352605 a prime number?
False
Is 112757 prime?
True
Is 650995 prime?
False
Is 7362083 composite?
True
Is 723145 a composite number?
True
Is 474567711 composite?
True
Is 67971905 composite?
True
Is 53121 a composite number?
True
Is 2600051 a prime number?
True
Is 44989141 a composite number?
True
Is 7635959 a prime number?
True
Is 306923 a composite number?
True
Is 192727103 a prime number?
True
Is 7303451 a prime number?
True
Is 1939451 composite?
True
Is 219344033 a composite number?
False
Is 45894731 prime?
True
Is 259973983 a composite number?
False
Is 4459943 composite?
True
Is 21528971 a prime number?
False
Is 41136035 composite?
True
Is 850569833 a prime number?
False
Is 2450453 prime?
True
Is 1806569 composite?
False
Is 503112019 composite?
False
Is 118987247 a prime number?
False
Is 534811001 composite?
False
Is 985141 a prime number?
False
Is 12527807 prime?
True
Is 10353001 a prime number?
True
Is 59687077 a prime number?
False
Is 2384143 a prime number?
True
Is 29451689 composite?
True
Is 88109767 composite?
False
Is 119783786 prime?
False
Is 34992131 composite?
True
Is 273126389 composite?
False
Is 2618951 prime?
False
Is 19171639 composite?
True
Is 483815 a prime number?
False
Is 9635909 prime?
True
Is 4211513 prime?
True
Is 257995319 prime?
False
Is 6401749 a prime number?
True
Is 24410537 prime?
False
Is 822082 composite?
True
Is 505769 prime?
False
Is 11576977 composite?
True
Is 341704837 composite?
False
Is 363893 a composite number?
True
Is 9851137 composite?
False
Is 14944669 a composite number?
False
Is 7899677 prime?
True
Is 13686073 a composite number?
True
Is 16707695 prime?
False
Is 992357 prime?
True
Is 52038023 a prime number?
True
Is 414185593 composite?
False
Is 3723703 composite